 7 - (45 + -49)
-2
Evaluate -2 + 1 + (5 - 1) + 1.
4
Calculate 6 + (10 + -5 + -9 - -4).
6
Calculate -95 - -81 - (-6 - 0).
-8
Calculate 2 + (1 - -9) + -26 + 21.
7
1 + -1 + 1 - 4
-3
Evaluate (7 - 5) + (6 - (7 - 1)).
2
What is (-4 - -3) + 4 + 0 - -3?
6
-4 + 1 + (-1 - 0)
-4
Evaluate -4 + 16 + 0 - 10.
2
10 - 2 - (2 + 3)
3
Evaluate 5 + (-1 - -2) + -16 + 13.
3
What is the value of (-10 - (1 + -4 - 3)) + 8?
4
Calculate (25 - 9) + -6 + -6.
4
-11 - (-1 + -6) - -9
5
(3 - 1) + (-11 + -4 - -11)
-2
What is (3 - (-9 - -6)) + (-3 - -1)?
4
What is (4 - 2) + -3 + (-3 - -8)?
4
What is the value of 4 + 0 - (5 + -3)?
2
Calculate -14 + -6 + 34 - 4.
10
What is 4 - 5 - (44 - 37)?
-8
What is -7 + (1 - 0) - (-5 - -3)?
-4
What is -3 + 2 + (-9 - -3) + 7?
0
Calculate -1 - (14 + -3 - 6).
-6
2 - (0 + (3 - 3)) - 8
-6
What is 1 - ((-2 - 0) + 5)?
-2
Calculate 1 + (3 - 3 - 5).
-4
Calculate -1 + 7 + (-5 - -4).
5
What is the value of 2 + -3 + (3 + -3 - -2)?
1
What is 2 + (-5 - (2 - 1))?
-4
What is -3 + (-10 - -5) + 3?
-5
What is the value of -2 - (-7 + 7 - (3 + 1))?
2
What is the value of -13 + 16 - (-2 + (1 - 1))?
5
-23 + 12 + 1 + 8
-2
What is the value of (8 - (-10 - 4)) + -13?
9
What is (-8 - (-13 + 1)) + -2 + 1?
3
What is -7 - 0 - (-9 + (-2 - -4))?
0
Evaluate 8 + 10 + -18 + -2.
-2
Evaluate -2 + 0 + (-5 + 9 - -9).
11
What is the value of -3 - (-2 - (0 + (-1 - 2)))?
-4
Calculate 0 - (9 + -3 + -15 + 2).
7
What is the value of -8 + 6 + 1 + 0?
-1
What is the value of -3 + (-4 - (10 - 17))?
0
Calculate -2 + -1 - (1 - -1).
-5
Calculate 10 - (2 - -6) - (-8 + 9).
1
Calculate 0 - 0 - (-8 + 12) - -3.
-1
Calculate -2 - (-1 - (4 + -7)).
-4
Evaluate 7 - -2 - 17 - -2.
-6
What is the value of 0 + (3 - (1 - -1))?
1
Calculate -3 + 3 - ((10 - 24) + 18).
-4
Calculate 9 - (-5 - 0) - 8 - 5.
1
Evaluate -155 - -142 - (-6 + 0 + 0).
-7
Calculate -3 + (4 - 5) + -2.
-6
What is -4 + 2 + 2 - -4?
4
Evaluate 6 - 0 - (8 - 6).
4
Evaluate 34 + -41 + -3 + 8.
-2
Evaluate -5 - (-6 - (6 - 12)).
-5
What is 4 + (-1 - (12 - 16))?
7
What is the value of 3 + 14 + -10 + -1?
6
Calculate 2 - 0 - (18 - 4) - -3.
-9
What is -4 - (-1 - -1 - (9 + -5))?
0
(5 - 8) + (0 - -3)
0
-3 + (-1 - 1 - -5)
0
What is -6 + 1 + -2 + (-2 - -4)?
-5
2 + (6 - 4 - 4) + 4
4
-2 + (-4 + (0 - -2) - 1)
-5
Evaluate -1 + (5 - (-5 - -5)).
4
Calculate 3 - (9 - (11 + -9)).
-4
Evaluate (-1 - -3) + -12 + 9.
-1
Calculate -1 - -4 - (-11 + 10 + -3).
7
What is the value of -5 - (-6 + 1) - -3?
3
What is the value of 9 - (-5 + 9) - 1?
4
What is the value of 1 + (-8 - -2) + (1 - 1)?
-5
Calculate 1 + (2 - 1) + -4.
-2
What is (5 - 3) + (-4 - 0)?
-2
What is -1 + 2 + (-3 - (-2 - -1))?
-1
What is (11 - 4) + (-5 - (3 - 1))?
0
1 + 0 + -4 - 2
-5
What is (-2 + -2 - -5) + 0?
1
Calculate -3 + 2 + -2 + 4 + -1.
0
Calculate -6 + ((7 - 0) + 8 - 8).
1
-1 + 0 + (3 - 5 - 1)
-4
What is the value of (3 - 4) + 3 + -3?
-1
Evaluate 9 + -7 + -1 + 3 - -1.
5
What is the value of -9 + 9 + (0 - 1)?
-1
Evaluate 0 - (0 - (-1 + (-6 - -2))).
-5
Calculate -4 - 0 - (-6 + 7).
-5
Evaluate (-6 - (0 - 2)) + 0.
-4
Evaluate 7 - (-2 - (-6 + 2)).
5
What is the value of -3 - (3 - (2 + -2 + 11))?
5
Evaluate -1 + (3 + -2 - (-14 + 11)).
3
Evaluate 3 + (0 - 8) + -20 + 23.
-2
What is 3 + -4 + 5 + -6 + 3?
1
What is the value of -2 + 2 + (0 - -5) + 3?
8
2 + -2 - ((-2 - 0) + 6)
-4
Calculate 7 - (2 - (-3 - -1)) - 6.
-3
Calculate (-2 - 0) + (29 - 21).
6
What is -26 + 26 - (2 - (0 + 5))?
3
What is the value of -7 - -4 - (-2 - -3)?
-4
What is the value of -3 - (-5 + (0 - -7))?
-5
Calculate (10 - 14) + 0 + 7.
3
What is the value of 4 + (-4 - (3 + -4)) + -3?
-2
(1 - (-11 - -7)) + 2
7
What is the value of -6 + (10 - 0) + 0 + -1?
3
What is (-2 + 1 - (4 + 2)) + 3?
-4
Calculate -7 + 15 + (3 - 5).
6
What is 4 + -3 - ((0 - -3) + -6)?
4
1 + (3 - -1) - (-4 - -8)
1
What is the value of 1 + -3 - (18 - 18) - 3?
-5
Calculate (-5 + 25 - 8) + -5.
7
What is the value of 23 + -32 + 11 + 7?
9
Evaluate -3 + 6 + -15 + 4.
-8
Calculate 8 + -14 + 7 - 7.
-6
Evaluate -9 + 2 + 10 + -5.
-2
Evaluate 3 + (2 - 10) + 4.
-1
Calculate -4 - (3 - (3 + -4 + 4)).
-4
Calculate -2 - (1 + (-2 - (-5 - -1))).
-5
Evaluate (-3 - ((1 - 0) + -5)) + -6.
-5
Evaluate 0 - 1 - (-22 + 10 + 4).
7
Evaluate (15 - 6) + -14 - -6.
1
What is the value of (-2 - (-3 + 2 - 2)) + -2?
-1
Evaluate 0 + -3 + 9 + -3 + 2.
5
Evaluate 66 + -58 - (-1 - -3).
6
Calculate 3 + -1 + -3 + -1 + -1.
-3
What is the value of 1 + 2 + -7 + 2?
-2
Calculate (-3 - 0) + 12 + 6 + -24.
-9
Calculate (-1 - -12) + (7 - 15).
3
Evaluate (5 + 3 - 4) + (-2 - 0).
2
Evaluate -1 + (8 - 5 - (-1 - -4)).
-1
Calculate -1 - (-4 + -2 + 7 + -1).
-1
What is the value of 3 + (0 - 2) - (-1 + 0)?
2
What is 4 - (7 - 5 - -2)?
0
What is the value of 6 - (-1 - -1) - (5 + -3)?
4
11 - 5 - (-3 + 19 + -5)
-5
What is (1 - 3) + 4 + 0?
2
Calculate -2 + -3 + (8 - (6 - 4)).
1
1 + (9 - 4) + -3
3
-4 + 1 - (-12 - -8)
1
1 - (4 + -2 + -2)
1
What is 3 + 1 + (-5 - -2) + -3?
-2
-4 - (-3 - (5 + -6 + 4))
2
Calculate 0 - -3 - (-25 - -29).
-1
What is 0 + -1 - 7 - (-4 - 0)?
-4
0 - (0 + 0 - (-1 + 3))
2
0 - -1 - ((1 - 0) + 4)
-4
-1 - (-2 + 5 + -7)
3
Evaluate 17 + (-17 - (7 + -12)).
5
Evaluate (-1 - 0) + 3 + -8 + 8.
2
Calculate (-1 - (1 + -3)) + -3.
-2
(21 - 4 - 4) + -7
6
Calculate 1 + -2 + -6 - -2.
-5
What is -7 - (-10 + -12 + 9)?
6
-5 + (-6 + 4 - -2)
-5
Calculate -6 + 12 + -7 + 1.
0
What is (-5 - -2 - -3) + -1 + -3?
-4
-5 + -3 + (-1 - 1) - -5
-5
Evaluate -44 + 43 + (-2 + 1 - -5).
3
37 - 33 - (2 + (7 - -1))
-6
(-4 - -12 - 2) + -3 + 0
3
-9 + 4 - -3 - -3
1
Calculate (-2 - (5 - 1)) + 2.
-4
Calculate (-4 - -1 - -3) + (-11 - -11).
0
Calculate (3 + -1 - 0) + -6 - 0.
-4
-6 - (3 + -1 + (31 - 39))
0
Calculate -11 + 16 - (1 - -3).
1
What is the value of 10 - (7 + 4 + -5)?
4
What is 4 - (13 - (7 + -2) - -2)?
-6
Evaluate 3 - (5 - (3 + 0) - 0).
1
Calculate 0 + 0 + -5 + 5.
0
What is (2 + -8 - -12) + -6?
0
What is the value of 6 - ((4 - 7) + 2)?
7
-19 + 16 - (1 + -1 + -7)
4
-1 + 6 + (-6 - 1)
-2
What is 6 + (4 - (5 + -1)) - 8?
-2
What is the value of (-2 - 1) + -1 + 3 + 0?
-1
What is the value of 5 - 0 - ((9 - 18) + 12)?
2
Evaluate -2 + (0 - 4) - -3.
-3
What is the value of 19 + -8 + -1 + -13?
-3
-24 - (5 + (-4 - 15))
-10
Evaluate 7 + -10 - -5 - 4.
-2
What is (4 - 1) + (-13 + 16 - 9)?
-3
-12 - (5 + -7 + (8 - 8))
-10
What is (-8 - (5 + -4)) + 10?
1
What is 3 + -6 - ((0 - -3) + -1)?
-5
What is the value of 4 + -3 + -2 + 1 + 0?
0
What is -2 - ((1 - 5) + 6 + -1)?
-3
What is the value of (30 - 24) + -1 + -3?
2
What is the value of 1 + (3 - 5) + -2?
-3
What is 19 - (0 - -9) - 12?
-2
Calculate -2 + 0 + 1 + 4 + -3.
0
Evaluate (-1 - -3 - 2) + 1.
1
What is -2 + (5 + -6 - -3)?
0
What is the value of 1 + -2 + (2 - (3 + -3))?
1
Evaluate (0 - -6) + (32 - 33).
5
What is -5 - (7 + -5 - 3) - 4?
-8
(5 - 8) + 4 + 5 + -1
5
What is the value of 3 + (-2 - 2) + 2 + 1?
2
What is (2 - 8) + 6 + -2?
-2
What is the value of (1 - (0 - -3)) + 1?
-1
Calculate (-2 - 2) + -2 + (-7 - -12).
-1
What is -1 + 0 + 0 + -2?
-3
What is 5 + 2 + (2 + 3 - 11)?
1
Evaluate -8 + 1 + 5 + (-1 - -3).
0
What is the value of -6 + 15 + -3 - (0 + 8)?
-2
(2 - 8) + 11 + -1 + -1
3
Calculate (3 - 1) + (-5 - -5).
2
What is (1 - -2 - 5) + (-2 - -1)?
-3
What is the value of (8 - 7) + 6 + -9?
-2
5 + (-7 - 3) - 0
-5
What is (-15 - 2) + (32 - 20)?
-5
What is (0 - -8) + (-2 + -6 - -3)?
3
What is 11 - 1 - (110 - 106)?
6
Calculate -7 - 10 - -13 - (2 + -1).
-5
(-15 - -1) + (0 - -6)
-8
What is -3 + 0 - (-2 - -14 - 12)?
-3
Calculate -1 + -7 + (2 - -6) - 1.
-1
What is -29 - -17 - (-3 - 15)?
6
Calculate -1 + 2 + 2 - (-2 - -1).
4
1 + -5 - (-54 + 49)
1
What is (6 - -2) + -6 - -2?
4
What is 1 + -3 - (-8 + 10 + -7)?
3
(35 - 28) + -6 + 1
2
-8 - -21 - 6 - 15
-8
(4 - (-7 + 4)) + -4 + -2
1
What is 7 + -2 + 0 - (-3 - -3)?
5
Evaluate (-9 + 4 - -2) + 8.
5
What is 4 + 9 + (-10 - 4)?
-1
Evaluate 2 - (6 + 1 + -3 - 8).
6
Evaluate 1 - (7 + 2) - -5.
-3
Calculate (-8 - -22) + -11 + 2.
5
What is the value of 27 + -28 - (-2 - 0)?
1
19 + -14 + 4 + -2
7
What is -4 - (-4 - -3 - 0)?
-3
8 - (4 + -3 + 1)
6
5 + 4 + (-8 - -6 - 2)
5
Calculate 4 + -7 + 4 - 1.
0
Calculate -2 - (-7 - (5 + 0 - 18)).
-8
What is the value of -2 + -1 + (15 - 1 - 5)?
6
What is 35 + -30 - (-1 - -4)?
2
-1 + (13 - 11) + 0
1
-1 - -5 - (-3 + 8 + 1)
-2
What is -7 + -4 + (-2 + 9 - -3)?
-1
What is the